{"id":175,"date":"2022-06-05T14:59:43","date_gmt":"2022-06-05T12:59:43","guid":{"rendered":"https:\/\/emiliebarcat.com\/blog\/?page_id=175"},"modified":"2025-12-17T17:37:25","modified_gmt":"2025-12-17T16:37:25","slug":"lauteure","status":"publish","type":"page","link":"https:\/\/emiliebarcat.com\/blog\/?page_id=175","title":{"rendered":"L&rsquo;auteure"},"content":{"rendered":"\n<figure class=\"wp-block-image size-thumbnail is-resized\"><img loading=\"lazy\" decoding=\"async\" width=\"150\" height=\"150\" src=\"https:\/\/emiliebarcat.com\/blog\/wp-content\/uploads\/2022\/10\/photo-insta-150x150.jpg\" alt=\"\" class=\"wp-image-260\" style=\"width:81px;height:81px\" srcset=\"https:\/\/emiliebarcat.com\/blog\/wp-content\/uploads\/2022\/10\/photo-insta-150x150.jpg 150w, https:\/\/emiliebarcat.com\/blog\/wp-content\/uploads\/2022\/10\/photo-insta-100x100.jpg 100w\" sizes=\"auto, (max-width: 150px) 100vw, 150px\" \/><\/figure>\n\n\n\n<p class=\"wp-block-paragraph\">Maman et mamie combl\u00e9e, Emilie Barcat a le c\u0153ur entre les Alpes-Maritimes et la Corse, r\u00e9gions pour lesquelles elle voue un v\u00e9ritable engouement. Une autre passion la d\u00e9mange \u00e9galement depuis son plus jeune \u00e2ge : les travaux d&rsquo;aiguilles. Sa cr\u00e9ativit\u00e9 a pu s&rsquo;exprimer de longues ann\u00e9es sur le site de vente Aiguilles-Passion. Depuis plusieurs mois, Emilie reprend peu \u00e0 peu sous forme de publications les projets cr\u00e9\u00e9s durant cette \u00e9poque.<\/p>\n\n\n\n<p class=\"wp-block-paragraph\"><a href=\"https:\/\/www.instagram.com\/emiliebarcat\/\">Instagram<\/a><\/p>\n\n\n\n<p class=\"wp-block-paragraph\"><a href=\"https:\/\/www.facebook.com\/profile.php?id=100083431966285\">Facebook<\/a><\/p>\n","protected":false},"excerpt":{"rendered":"<p>Maman et mamie combl\u00e9e, Emilie Barcat a le c\u0153ur entre les Alpes-Maritimes et la Corse, r\u00e9gions pour lesquelles elle voue un v\u00e9ritable engouement. Une autre passion la d\u00e9mange \u00e9galement depuis son plus jeune \u00e2ge : les travaux d&rsquo;aiguilles. Sa cr\u00e9ativit\u00e9 a pu s&rsquo;exprimer de longues ann\u00e9es sur le site de vente Aiguilles-Passion. Depuis plusieurs mois, &hellip; <\/p>\n<p class=\"link-more\"><a href=\"https:\/\/emiliebarcat.com\/blog\/?page_id=175\" class=\"more-link\">Continuer la lecture<span class=\"screen-reader-text\"> de &laquo;&nbsp;L&rsquo;auteure&nbsp;&raquo;<\/span><\/a><\/p>\n","protected":false},"author":2,"featured_media":0,"parent":0,"menu_order":0,"comment_status":"closed","ping_status":"closed","template":"","meta":{"_crdt_document":"","footnotes":""},"class_list":["post-175","page","type-page","status-publish","hentry"],"yoast_head":"<!-- This site is optimized with the Yoast SEO plugin v27.4 - https:\/\/yoast.com\/product\/yoast-seo-wordpress\/ -->\n<title>L&#039;auteure - Emilie Barcat - Publications pour loisirs Cr\u00e9atifs<\/title>\n<meta name=\"robots\" content=\"index, follow, max-snippet:-1, max-image-preview:large, max-video-preview:-1\" \/>\n<link rel=\"canonical\" href=\"https:\/\/emiliebarcat.com\/blog\/?page_id=175\" \/>\n<meta property=\"og:locale\" content=\"fr_FR\" \/>\n<meta property=\"og:type\" content=\"article\" \/>\n<meta property=\"og:title\" content=\"L&#039;auteure - Emilie Barcat - Publications pour loisirs Cr\u00e9atifs\" \/>\n<meta property=\"og:description\" content=\"Maman et mamie combl\u00e9e, Emilie Barcat a le c\u0153ur entre les Alpes-Maritimes et la Corse, r\u00e9gions pour lesquelles elle voue un v\u00e9ritable engouement. Une autre passion la d\u00e9mange \u00e9galement depuis son plus jeune \u00e2ge : les travaux d&rsquo;aiguilles. Sa cr\u00e9ativit\u00e9 a pu s&rsquo;exprimer de longues ann\u00e9es sur le site de vente Aiguilles-Passion. Depuis plusieurs mois, &hellip; Continuer la lecture de &laquo;&nbsp;L&rsquo;auteure&nbsp;&raquo;\" \/>\n<meta property=\"og:url\" content=\"https:\/\/emiliebarcat.com\/blog\/?page_id=175\" \/>\n<meta property=\"og:site_name\" content=\"Emilie Barcat - Publications pour loisirs Cr\u00e9atifs\" \/>\n<meta property=\"article:modified_time\" content=\"2025-12-17T16:37:25+00:00\" \/>\n<meta property=\"og:image\" content=\"https:\/\/emiliebarcat.com\/blog\/wp-content\/uploads\/2022\/10\/photo-insta.jpg\" \/>\n\t<meta property=\"og:image:width\" content=\"349\" \/>\n\t<meta property=\"og:image:height\" content=\"437\" \/>\n\t<meta property=\"og:image:type\" content=\"image\/jpeg\" \/>\n<meta name=\"twitter:card\" content=\"summary_large_image\" \/>\n<meta name=\"twitter:label1\" content=\"Dur\u00e9e de lecture estim\u00e9e\" \/>\n\t<meta name=\"twitter:data1\" content=\"1 minute\" \/>\n<script type=\"application\/ld+json\" class=\"yoast-schema-graph\">{\"@context\":\"https:\\\/\\\/schema.org\",\"@graph\":[{\"@type\":\"WebPage\",\"@id\":\"https:\\\/\\\/emiliebarcat.com\\\/blog\\\/?page_id=175\",\"url\":\"https:\\\/\\\/emiliebarcat.com\\\/blog\\\/?page_id=175\",\"name\":\"L'auteure - Emilie Barcat - Publications pour loisirs Cr\u00e9atifs\",\"isPartOf\":{\"@id\":\"https:\\\/\\\/emiliebarcat.com\\\/blog\\\/#website\"},\"primaryImageOfPage\":{\"@id\":\"https:\\\/\\\/emiliebarcat.com\\\/blog\\\/?page_id=175#primaryimage\"},\"image\":{\"@id\":\"https:\\\/\\\/emiliebarcat.com\\\/blog\\\/?page_id=175#primaryimage\"},\"thumbnailUrl\":\"https:\\\/\\\/emiliebarcat.com\\\/blog\\\/wp-content\\\/uploads\\\/2022\\\/10\\\/photo-insta-150x150.jpg\",\"datePublished\":\"2022-06-05T12:59:43+00:00\",\"dateModified\":\"2025-12-17T16:37:25+00:00\",\"breadcrumb\":{\"@id\":\"https:\\\/\\\/emiliebarcat.com\\\/blog\\\/?page_id=175#breadcrumb\"},\"inLanguage\":\"fr-FR\",\"potentialAction\":[{\"@type\":\"ReadAction\",\"target\":[\"https:\\\/\\\/emiliebarcat.com\\\/blog\\\/?page_id=175\"]}]},{\"@type\":\"ImageObject\",\"inLanguage\":\"fr-FR\",\"@id\":\"https:\\\/\\\/emiliebarcat.com\\\/blog\\\/?page_id=175#primaryimage\",\"url\":\"https:\\\/\\\/emiliebarcat.com\\\/blog\\\/wp-content\\\/uploads\\\/2022\\\/10\\\/photo-insta.jpg\",\"contentUrl\":\"https:\\\/\\\/emiliebarcat.com\\\/blog\\\/wp-content\\\/uploads\\\/2022\\\/10\\\/photo-insta.jpg\",\"width\":349,\"height\":437},{\"@type\":\"BreadcrumbList\",\"@id\":\"https:\\\/\\\/emiliebarcat.com\\\/blog\\\/?page_id=175#breadcrumb\",\"itemListElement\":[{\"@type\":\"ListItem\",\"position\":1,\"name\":\"Accueil\",\"item\":\"https:\\\/\\\/emiliebarcat.com\\\/blog\\\/\"},{\"@type\":\"ListItem\",\"position\":2,\"name\":\"L&rsquo;auteure\"}]},{\"@type\":\"WebSite\",\"@id\":\"https:\\\/\\\/emiliebarcat.com\\\/blog\\\/#website\",\"url\":\"https:\\\/\\\/emiliebarcat.com\\\/blog\\\/\",\"name\":\"Emilie Barcat - Publications pour loisirs Cr\u00e9atifs\",\"description\":\"\",\"publisher\":{\"@id\":\"https:\\\/\\\/emiliebarcat.com\\\/blog\\\/#\\\/schema\\\/person\\\/dd2af1009799ce640e7e8c661b78693e\"},\"potentialAction\":[{\"@type\":\"SearchAction\",\"target\":{\"@type\":\"EntryPoint\",\"urlTemplate\":\"https:\\\/\\\/emiliebarcat.com\\\/blog\\\/?s={search_term_string}\"},\"query-input\":{\"@type\":\"PropertyValueSpecification\",\"valueRequired\":true,\"valueName\":\"search_term_string\"}}],\"inLanguage\":\"fr-FR\"},{\"@type\":[\"Person\",\"Organization\"],\"@id\":\"https:\\\/\\\/emiliebarcat.com\\\/blog\\\/#\\\/schema\\\/person\\\/dd2af1009799ce640e7e8c661b78693e\",\"name\":\"\u00c9milie Barcat\",\"image\":{\"@type\":\"ImageObject\",\"inLanguage\":\"fr-FR\",\"@id\":\"https:\\\/\\\/emiliebarcat.com\\\/blog\\\/wp-content\\\/uploads\\\/2022\\\/03\\\/logo-1.png\",\"url\":\"https:\\\/\\\/emiliebarcat.com\\\/blog\\\/wp-content\\\/uploads\\\/2022\\\/03\\\/logo-1.png\",\"contentUrl\":\"https:\\\/\\\/emiliebarcat.com\\\/blog\\\/wp-content\\\/uploads\\\/2022\\\/03\\\/logo-1.png\",\"width\":834,\"height\":599,\"caption\":\"\u00c9milie Barcat\"},\"logo\":{\"@id\":\"https:\\\/\\\/emiliebarcat.com\\\/blog\\\/wp-content\\\/uploads\\\/2022\\\/03\\\/logo-1.png\"},\"sameAs\":[\"http:\\\/\\\/emiliebarcat.com\\\/blog\"]}]}<\/script>\n<!-- \/ Yoast SEO plugin. -->","yoast_head_json":{"title":"L'auteure - Emilie Barcat - Publications pour loisirs Cr\u00e9atifs","robots":{"index":"index","follow":"follow","max-snippet":"max-snippet:-1","max-image-preview":"max-image-preview:large","max-video-preview":"max-video-preview:-1"},"canonical":"https:\/\/emiliebarcat.com\/blog\/?page_id=175","og_locale":"fr_FR","og_type":"article","og_title":"L'auteure - Emilie Barcat - Publications pour loisirs Cr\u00e9atifs","og_description":"Maman et mamie combl\u00e9e, Emilie Barcat a le c\u0153ur entre les Alpes-Maritimes et la Corse, r\u00e9gions pour lesquelles elle voue un v\u00e9ritable engouement. Une autre passion la d\u00e9mange \u00e9galement depuis son plus jeune \u00e2ge : les travaux d&rsquo;aiguilles. Sa cr\u00e9ativit\u00e9 a pu s&rsquo;exprimer de longues ann\u00e9es sur le site de vente Aiguilles-Passion. Depuis plusieurs mois, &hellip; Continuer la lecture de &laquo;&nbsp;L&rsquo;auteure&nbsp;&raquo;","og_url":"https:\/\/emiliebarcat.com\/blog\/?page_id=175","og_site_name":"Emilie Barcat - Publications pour loisirs Cr\u00e9atifs","article_modified_time":"2025-12-17T16:37:25+00:00","og_image":[{"width":349,"height":437,"url":"https:\/\/emiliebarcat.com\/blog\/wp-content\/uploads\/2022\/10\/photo-insta.jpg","type":"image\/jpeg"}],"twitter_card":"summary_large_image","twitter_misc":{"Dur\u00e9e de lecture estim\u00e9e":"1 minute"},"schema":{"@context":"https:\/\/schema.org","@graph":[{"@type":"WebPage","@id":"https:\/\/emiliebarcat.com\/blog\/?page_id=175","url":"https:\/\/emiliebarcat.com\/blog\/?page_id=175","name":"L'auteure - Emilie Barcat - Publications pour loisirs Cr\u00e9atifs","isPartOf":{"@id":"https:\/\/emiliebarcat.com\/blog\/#website"},"primaryImageOfPage":{"@id":"https:\/\/emiliebarcat.com\/blog\/?page_id=175#primaryimage"},"image":{"@id":"https:\/\/emiliebarcat.com\/blog\/?page_id=175#primaryimage"},"thumbnailUrl":"https:\/\/emiliebarcat.com\/blog\/wp-content\/uploads\/2022\/10\/photo-insta-150x150.jpg","datePublished":"2022-06-05T12:59:43+00:00","dateModified":"2025-12-17T16:37:25+00:00","breadcrumb":{"@id":"https:\/\/emiliebarcat.com\/blog\/?page_id=175#breadcrumb"},"inLanguage":"fr-FR","potentialAction":[{"@type":"ReadAction","target":["https:\/\/emiliebarcat.com\/blog\/?page_id=175"]}]},{"@type":"ImageObject","inLanguage":"fr-FR","@id":"https:\/\/emiliebarcat.com\/blog\/?page_id=175#primaryimage","url":"https:\/\/emiliebarcat.com\/blog\/wp-content\/uploads\/2022\/10\/photo-insta.jpg","contentUrl":"https:\/\/emiliebarcat.com\/blog\/wp-content\/uploads\/2022\/10\/photo-insta.jpg","width":349,"height":437},{"@type":"BreadcrumbList","@id":"https:\/\/emiliebarcat.com\/blog\/?page_id=175#breadcrumb","itemListElement":[{"@type":"ListItem","position":1,"name":"Accueil","item":"https:\/\/emiliebarcat.com\/blog\/"},{"@type":"ListItem","position":2,"name":"L&rsquo;auteure"}]},{"@type":"WebSite","@id":"https:\/\/emiliebarcat.com\/blog\/#website","url":"https:\/\/emiliebarcat.com\/blog\/","name":"Emilie Barcat - Publications pour loisirs Cr\u00e9atifs","description":"","publisher":{"@id":"https:\/\/emiliebarcat.com\/blog\/#\/schema\/person\/dd2af1009799ce640e7e8c661b78693e"},"potentialAction":[{"@type":"SearchAction","target":{"@type":"EntryPoint","urlTemplate":"https:\/\/emiliebarcat.com\/blog\/?s={search_term_string}"},"query-input":{"@type":"PropertyValueSpecification","valueRequired":true,"valueName":"search_term_string"}}],"inLanguage":"fr-FR"},{"@type":["Person","Organization"],"@id":"https:\/\/emiliebarcat.com\/blog\/#\/schema\/person\/dd2af1009799ce640e7e8c661b78693e","name":"\u00c9milie Barcat","image":{"@type":"ImageObject","inLanguage":"fr-FR","@id":"https:\/\/emiliebarcat.com\/blog\/wp-content\/uploads\/2022\/03\/logo-1.png","url":"https:\/\/emiliebarcat.com\/blog\/wp-content\/uploads\/2022\/03\/logo-1.png","contentUrl":"https:\/\/emiliebarcat.com\/blog\/wp-content\/uploads\/2022\/03\/logo-1.png","width":834,"height":599,"caption":"\u00c9milie Barcat"},"logo":{"@id":"https:\/\/emiliebarcat.com\/blog\/wp-content\/uploads\/2022\/03\/logo-1.png"},"sameAs":["http:\/\/emiliebarcat.com\/blog"]}]}},"_links":{"self":[{"href":"https:\/\/emiliebarcat.com\/blog\/index.php?rest_route=\/wp\/v2\/pages\/175","targetHints":{"allow":["GET"]}}],"collection":[{"href":"https:\/\/emiliebarcat.com\/blog\/index.php?rest_route=\/wp\/v2\/pages"}],"about":[{"href":"https:\/\/emiliebarcat.com\/blog\/index.php?rest_route=\/wp\/v2\/types\/page"}],"author":[{"embeddable":true,"href":"https:\/\/emiliebarcat.com\/blog\/index.php?rest_route=\/wp\/v2\/users\/2"}],"replies":[{"embeddable":true,"href":"https:\/\/emiliebarcat.com\/blog\/index.php?rest_route=%2Fwp%2Fv2%2Fcomments&post=175"}],"version-history":[{"count":8,"href":"https:\/\/emiliebarcat.com\/blog\/index.php?rest_route=\/wp\/v2\/pages\/175\/revisions"}],"predecessor-version":[{"id":621,"href":"https:\/\/emiliebarcat.com\/blog\/index.php?rest_route=\/wp\/v2\/pages\/175\/revisions\/621"}],"wp:attachment":[{"href":"https:\/\/emiliebarcat.com\/blog\/index.php?rest_route=%2Fwp%2Fv2%2Fmedia&parent=175"}],"curies":[{"name":"wp","href":"https:\/\/api.w.org\/{rel}","templated":true}]}}