{"id":374,"date":"2023-03-11T14:32:27","date_gmt":"2023-03-11T13:32:27","guid":{"rendered":"https:\/\/emiliebarcat.com\/blog\/?page_id=374"},"modified":"2023-03-15T14:03:37","modified_gmt":"2023-03-15T13:03:37","slug":"videos-couture","status":"publish","type":"page","link":"https:\/\/emiliebarcat.com\/blog\/?page_id=374","title":{"rendered":"Vid\u00e9os couture"},"content":{"rendered":"\n<p class=\"wp-block-paragraph\">J&rsquo;ai achet\u00e9 un pied presseur surfileur vendu sur Amazon. Cet accessoire de couture permet de transformer votre simple machine \u00e0 coudre en surfileuse ! Attention, cet appareil est compatible uniquement avec les machines ayant une tige basse (il s&rsquo;agit de la tige de m\u00e9tal o\u00f9 est viss\u00e9 le pied de biche). A d\u00e9faut le pied ne coupera pas le tissu.<\/p>\n\n\n\n<iframe sandbox=\"allow-popups allow-scripts allow-modals allow-forms allow-same-origin\" style=\"width:120px;height:240px;\" marginwidth=\"0\" marginheight=\"0\" scrolling=\"no\" frameborder=\"1\" src=\"\/\/ws-eu.amazon-adsystem.com\/widgets\/q?ServiceVersion=20070822&amp;OneJS=1&amp;Operation=GetAdHtml&amp;MarketPlace=FR&amp;source=ss&amp;ref=as_ss_li_til&amp;ad_type=product_link&amp;tracking_id=emiliebarcat-21&amp;language=fr_FR&amp;marketplace=amazon&amp;region=FR&amp;placement=B08BRXHPJS&amp;asins=B08BRXHPJS&amp;linkId=03594ecf92e1c9712c144c50e28b77b1&amp;show_border=true&amp;link_opens_in_new_window=true\"><\/iframe>\n\n\n\n<p class=\"wp-block-paragraph\">C&rsquo;est un pied qui est capable de transformer une machine classique (dans mon cas, la Pfaff El\u00e9ment 1800S de chez Lidl) en machine surjeteuse. Bon, il faut \u00eatre honn\u00eate, cela ne donne pas le m\u00eame r\u00e9sultat  ! Mais, \u00e0 mon avis, cela m\u00e9rite tout de m\u00eame la d\u00e9pense. J&rsquo;ai pay\u00e9 ce pied une quinzaine d&rsquo;euros, ce qui est tr\u00e8s peu, bien s\u00fbr, compar\u00e9 au prix d&rsquo;une surjeteuse. <br>J&rsquo;ai fait des vid\u00e9os afin de vous laisser juger par vous-m\u00eame de l&rsquo;efficacit\u00e9 ou non de cet appareil.<\/p>\n\n\n\n<p class=\"wp-block-paragraph\">La premi\u00e8re vid\u00e9o vous montre comment monter ce pied. Il est un peu complexe \u00e0 installer (et le mode d&#8217;emploi peu explicite fourni avec l&rsquo;appareil ne vous aidera gu\u00e8re) ! Mais c&rsquo;est un tour de main \u00e0 prendre et une fois compris le fonctionnement, le pied se monte tr\u00e8s facilement.<\/p>\n\n\n\n<figure class=\"wp-block-image size-large\"><img loading=\"lazy\" decoding=\"async\" width=\"600\" height=\"302\" src=\"https:\/\/emiliebarcat.com\/blog\/wp-content\/uploads\/2023\/03\/explications-pied-600x302.jpg\" alt=\"\" class=\"wp-image-400\" srcset=\"https:\/\/emiliebarcat.com\/blog\/wp-content\/uploads\/2023\/03\/explications-pied-600x302.jpg 600w, https:\/\/emiliebarcat.com\/blog\/wp-content\/uploads\/2023\/03\/explications-pied-300x151.jpg 300w, https:\/\/emiliebarcat.com\/blog\/wp-content\/uploads\/2023\/03\/explications-pied-768x386.jpg 768w, https:\/\/emiliebarcat.com\/blog\/wp-content\/uploads\/2023\/03\/explications-pied-1536x773.jpg 1536w, https:\/\/emiliebarcat.com\/blog\/wp-content\/uploads\/2023\/03\/explications-pied-2048x1030.jpg 2048w\" sizes=\"auto, (max-width: 600px) 100vw, 600px\" \/><\/figure>\n\n\n\n<figure class=\"wp-block-embed is-type-video is-provider-youtube wp-block-embed-youtube wp-embed-aspect-16-9 wp-has-aspect-ratio\"><div class=\"wp-block-embed__wrapper\">\n<iframe loading=\"lazy\" title=\"Mise en place d&#039;un pied surfileur sur une machine \u00e0 coudre classique.\" width=\"525\" height=\"295\" src=\"https:\/\/www.youtube.com\/embed\/H1cjTZKCvYQ?feature=oembed\" frameborder=\"0\" allow=\"accelerometer; autoplay; clipboard-write; encrypted-media; gyroscope; picture-in-picture; web-share\" referrerpolicy=\"strict-origin-when-cross-origin\" allowfullscreen><\/iframe>\n<\/div><\/figure>\n\n\n\n<p class=\"wp-block-paragraph\"><\/p>\n\n\n\n<p class=\"wp-block-paragraph\">Les trois vid\u00e9os suivantes montrent des exemples de surfilage sur trois tissus diff\u00e9rents. Sur une cotonnade assez rigide, ensuite sur un tissu de type jersey (donc extensible), et enfin, sur un tissu tr\u00e8s fin. Dans tous les cas, il convient de couper sur 2 cm environ le tissu pour amorcer la d\u00e9coupe faite par le pied.<br>Le point employ\u00e9 est le point de surjet, mais vous pouvez aussi bien s\u00fbr utiliser un simple point zigzag (plus rapide et plus \u00e9conomique en fil).<\/p>\n\n\n\n<figure class=\"wp-block-embed is-type-video is-provider-youtube wp-block-embed-youtube wp-embed-aspect-16-9 wp-has-aspect-ratio\"><div class=\"wp-block-embed__wrapper\">\n<iframe loading=\"lazy\" title=\"Essai du pied presseur surfileur sur une cotonnade.\" width=\"525\" height=\"295\" src=\"https:\/\/www.youtube.com\/embed\/dYsUVjwn6b4?feature=oembed\" frameborder=\"0\" allow=\"accelerometer; autoplay; clipboard-write; encrypted-media; gyroscope; picture-in-picture; web-share\" referrerpolicy=\"strict-origin-when-cross-origin\" allowfullscreen><\/iframe>\n<\/div><\/figure>\n\n\n\n<figure class=\"wp-block-embed is-type-video is-provider-youtube wp-block-embed-youtube wp-embed-aspect-16-9 wp-has-aspect-ratio\"><div class=\"wp-block-embed__wrapper\">\n<iframe loading=\"lazy\" title=\"Essai du pied presseur surfileur sur du jersey (tissu extensible).\" width=\"525\" height=\"295\" src=\"https:\/\/www.youtube.com\/embed\/BNa5dkSeOaA?feature=oembed\" frameborder=\"0\" allow=\"accelerometer; autoplay; clipboard-write; encrypted-media; gyroscope; picture-in-picture; web-share\" referrerpolicy=\"strict-origin-when-cross-origin\" allowfullscreen><\/iframe>\n<\/div><\/figure>\n\n\n\n<figure class=\"wp-block-embed is-type-video is-provider-youtube wp-block-embed-youtube wp-embed-aspect-16-9 wp-has-aspect-ratio\"><div class=\"wp-block-embed__wrapper\">\n<iframe loading=\"lazy\" title=\"Essai du pied presseur surfileur sur un tissu fin\" width=\"525\" height=\"295\" src=\"https:\/\/www.youtube.com\/embed\/7pUX9F2k_Mo?feature=oembed\" frameborder=\"0\" allow=\"accelerometer; autoplay; clipboard-write; encrypted-media; gyroscope; picture-in-picture; web-share\" referrerpolicy=\"strict-origin-when-cross-origin\" allowfullscreen><\/iframe>\n<\/div><\/figure>\n\n\n\n<p class=\"wp-block-paragraph\">Voil\u00e0, j&rsquo;esp\u00e8re que ces vid\u00e9os vous seront utiles si vous envisagez d&rsquo;investir dans cet accessoire. Personnellement, je ne regrette pas mon achat et je trouve que ce pied fait tr\u00e8s bien son job. En effet, il coupe le tissu tr\u00e8s proprement et le bord coup\u00e9 est prot\u00e9g\u00e9 par un point de surjet ou un point zigzag qui l&#8217;emp\u00eachera de s&rsquo;effilocher.  C&rsquo;est finalement tout ce qu&rsquo;on lui demande !<\/p>\n\n\n\n<p class=\"wp-block-paragraph\">Pied presseur surfileur que j&rsquo;ai utilis\u00e9 :<\/p>\n\n\n\n<p class=\"wp-block-paragraph\"><a href=\"https:\/\/amzn.to\/3yzJq0O\" target=\"_blank\" rel=\"noreferrer noopener\">https:\/\/amzn.to\/3YByzxX<\/a><\/p>\n","protected":false},"excerpt":{"rendered":"<p>J&rsquo;ai achet\u00e9 un pied presseur surfileur vendu sur Amazon. Cet accessoire de couture permet de transformer votre simple machine \u00e0 coudre en surfileuse ! Attention, cet appareil est compatible uniquement avec les machines ayant une tige basse (il s&rsquo;agit de la tige de m\u00e9tal o\u00f9 est viss\u00e9 le pied de biche). A d\u00e9faut le pied &hellip; <\/p>\n<p class=\"link-more\"><a href=\"https:\/\/emiliebarcat.com\/blog\/?page_id=374\" class=\"more-link\">Continuer la lecture<span class=\"screen-reader-text\"> de &laquo;&nbsp;Vid\u00e9os couture&nbsp;&raquo;<\/span><\/a><\/p>\n","protected":false},"author":2,"featured_media":0,"parent":0,"menu_order":0,"comment_status":"closed","ping_status":"closed","template":"","meta":{"_crdt_document":"","footnotes":""},"class_list":["post-374","page","type-page","status-publish","hentry"],"yoast_head":"<!-- This site is optimized with the Yoast SEO plugin v27.4 - https:\/\/yoast.com\/product\/yoast-seo-wordpress\/ -->\n<title>Vid\u00e9os couture - Emilie Barcat - Publications pour loisirs Cr\u00e9atifs<\/title>\n<meta name=\"robots\" content=\"index, follow, max-snippet:-1, max-image-preview:large, max-video-preview:-1\" \/>\n<link rel=\"canonical\" href=\"https:\/\/emiliebarcat.com\/blog\/?page_id=374\" \/>\n<meta property=\"og:locale\" content=\"fr_FR\" \/>\n<meta property=\"og:type\" content=\"article\" \/>\n<meta property=\"og:title\" content=\"Vid\u00e9os couture - Emilie Barcat - Publications pour loisirs Cr\u00e9atifs\" \/>\n<meta property=\"og:description\" content=\"J&rsquo;ai achet\u00e9 un pied presseur surfileur vendu sur Amazon. Cet accessoire de couture permet de transformer votre simple machine \u00e0 coudre en surfileuse ! Attention, cet appareil est compatible uniquement avec les machines ayant une tige basse (il s&rsquo;agit de la tige de m\u00e9tal o\u00f9 est viss\u00e9 le pied de biche). A d\u00e9faut le pied &hellip; Continuer la lecture de &laquo;&nbsp;Vid\u00e9os couture&nbsp;&raquo;\" \/>\n<meta property=\"og:url\" content=\"https:\/\/emiliebarcat.com\/blog\/?page_id=374\" \/>\n<meta property=\"og:site_name\" content=\"Emilie Barcat - Publications pour loisirs Cr\u00e9atifs\" \/>\n<meta property=\"article:modified_time\" content=\"2023-03-15T13:03:37+00:00\" \/>\n<meta property=\"og:image\" content=\"https:\/\/emiliebarcat.com\/blog\/wp-content\/uploads\/2023\/03\/explications-pied-600x302.jpg\" \/>\n<meta name=\"twitter:card\" content=\"summary_large_image\" \/>\n<meta name=\"twitter:label1\" content=\"Dur\u00e9e de lecture estim\u00e9e\" \/>\n\t<meta name=\"twitter:data1\" content=\"3 minutes\" \/>\n<script type=\"application\/ld+json\" class=\"yoast-schema-graph\">{\"@context\":\"https:\\\/\\\/schema.org\",\"@graph\":[{\"@type\":\"WebPage\",\"@id\":\"https:\\\/\\\/emiliebarcat.com\\\/blog\\\/?page_id=374\",\"url\":\"https:\\\/\\\/emiliebarcat.com\\\/blog\\\/?page_id=374\",\"name\":\"Vid\u00e9os couture - Emilie Barcat - Publications pour loisirs Cr\u00e9atifs\",\"isPartOf\":{\"@id\":\"https:\\\/\\\/emiliebarcat.com\\\/blog\\\/#website\"},\"primaryImageOfPage\":{\"@id\":\"https:\\\/\\\/emiliebarcat.com\\\/blog\\\/?page_id=374#primaryimage\"},\"image\":{\"@id\":\"https:\\\/\\\/emiliebarcat.com\\\/blog\\\/?page_id=374#primaryimage\"},\"thumbnailUrl\":\"https:\\\/\\\/emiliebarcat.com\\\/blog\\\/wp-content\\\/uploads\\\/2023\\\/03\\\/explications-pied-600x302.jpg\",\"datePublished\":\"2023-03-11T13:32:27+00:00\",\"dateModified\":\"2023-03-15T13:03:37+00:00\",\"breadcrumb\":{\"@id\":\"https:\\\/\\\/emiliebarcat.com\\\/blog\\\/?page_id=374#breadcrumb\"},\"inLanguage\":\"fr-FR\",\"potentialAction\":[{\"@type\":\"ReadAction\",\"target\":[\"https:\\\/\\\/emiliebarcat.com\\\/blog\\\/?page_id=374\"]}]},{\"@type\":\"ImageObject\",\"inLanguage\":\"fr-FR\",\"@id\":\"https:\\\/\\\/emiliebarcat.com\\\/blog\\\/?page_id=374#primaryimage\",\"url\":\"https:\\\/\\\/emiliebarcat.com\\\/blog\\\/wp-content\\\/uploads\\\/2023\\\/03\\\/explications-pied-scaled.jpg\",\"contentUrl\":\"https:\\\/\\\/emiliebarcat.com\\\/blog\\\/wp-content\\\/uploads\\\/2023\\\/03\\\/explications-pied-scaled.jpg\",\"width\":2560,\"height\":1288},{\"@type\":\"BreadcrumbList\",\"@id\":\"https:\\\/\\\/emiliebarcat.com\\\/blog\\\/?page_id=374#breadcrumb\",\"itemListElement\":[{\"@type\":\"ListItem\",\"position\":1,\"name\":\"Accueil\",\"item\":\"https:\\\/\\\/emiliebarcat.com\\\/blog\\\/\"},{\"@type\":\"ListItem\",\"position\":2,\"name\":\"Vid\u00e9os couture\"}]},{\"@type\":\"WebSite\",\"@id\":\"https:\\\/\\\/emiliebarcat.com\\\/blog\\\/#website\",\"url\":\"https:\\\/\\\/emiliebarcat.com\\\/blog\\\/\",\"name\":\"Emilie Barcat - Publications pour loisirs Cr\u00e9atifs\",\"description\":\"\",\"publisher\":{\"@id\":\"https:\\\/\\\/emiliebarcat.com\\\/blog\\\/#\\\/schema\\\/person\\\/dd2af1009799ce640e7e8c661b78693e\"},\"potentialAction\":[{\"@type\":\"SearchAction\",\"target\":{\"@type\":\"EntryPoint\",\"urlTemplate\":\"https:\\\/\\\/emiliebarcat.com\\\/blog\\\/?s={search_term_string}\"},\"query-input\":{\"@type\":\"PropertyValueSpecification\",\"valueRequired\":true,\"valueName\":\"search_term_string\"}}],\"inLanguage\":\"fr-FR\"},{\"@type\":[\"Person\",\"Organization\"],\"@id\":\"https:\\\/\\\/emiliebarcat.com\\\/blog\\\/#\\\/schema\\\/person\\\/dd2af1009799ce640e7e8c661b78693e\",\"name\":\"\u00c9milie Barcat\",\"image\":{\"@type\":\"ImageObject\",\"inLanguage\":\"fr-FR\",\"@id\":\"https:\\\/\\\/emiliebarcat.com\\\/blog\\\/wp-content\\\/uploads\\\/2022\\\/03\\\/logo-1.png\",\"url\":\"https:\\\/\\\/emiliebarcat.com\\\/blog\\\/wp-content\\\/uploads\\\/2022\\\/03\\\/logo-1.png\",\"contentUrl\":\"https:\\\/\\\/emiliebarcat.com\\\/blog\\\/wp-content\\\/uploads\\\/2022\\\/03\\\/logo-1.png\",\"width\":834,\"height\":599,\"caption\":\"\u00c9milie Barcat\"},\"logo\":{\"@id\":\"https:\\\/\\\/emiliebarcat.com\\\/blog\\\/wp-content\\\/uploads\\\/2022\\\/03\\\/logo-1.png\"},\"sameAs\":[\"http:\\\/\\\/emiliebarcat.com\\\/blog\"]}]}<\/script>\n<!-- \/ Yoast SEO plugin. -->","yoast_head_json":{"title":"Vid\u00e9os couture - Emilie Barcat - Publications pour loisirs Cr\u00e9atifs","robots":{"index":"index","follow":"follow","max-snippet":"max-snippet:-1","max-image-preview":"max-image-preview:large","max-video-preview":"max-video-preview:-1"},"canonical":"https:\/\/emiliebarcat.com\/blog\/?page_id=374","og_locale":"fr_FR","og_type":"article","og_title":"Vid\u00e9os couture - Emilie Barcat - Publications pour loisirs Cr\u00e9atifs","og_description":"J&rsquo;ai achet\u00e9 un pied presseur surfileur vendu sur Amazon. Cet accessoire de couture permet de transformer votre simple machine \u00e0 coudre en surfileuse ! Attention, cet appareil est compatible uniquement avec les machines ayant une tige basse (il s&rsquo;agit de la tige de m\u00e9tal o\u00f9 est viss\u00e9 le pied de biche). A d\u00e9faut le pied &hellip; Continuer la lecture de &laquo;&nbsp;Vid\u00e9os couture&nbsp;&raquo;","og_url":"https:\/\/emiliebarcat.com\/blog\/?page_id=374","og_site_name":"Emilie Barcat - Publications pour loisirs Cr\u00e9atifs","article_modified_time":"2023-03-15T13:03:37+00:00","og_image":[{"url":"https:\/\/emiliebarcat.com\/blog\/wp-content\/uploads\/2023\/03\/explications-pied-600x302.jpg","type":"","width":"","height":""}],"twitter_card":"summary_large_image","twitter_misc":{"Dur\u00e9e de lecture estim\u00e9e":"3 minutes"},"schema":{"@context":"https:\/\/schema.org","@graph":[{"@type":"WebPage","@id":"https:\/\/emiliebarcat.com\/blog\/?page_id=374","url":"https:\/\/emiliebarcat.com\/blog\/?page_id=374","name":"Vid\u00e9os couture - Emilie Barcat - Publications pour loisirs Cr\u00e9atifs","isPartOf":{"@id":"https:\/\/emiliebarcat.com\/blog\/#website"},"primaryImageOfPage":{"@id":"https:\/\/emiliebarcat.com\/blog\/?page_id=374#primaryimage"},"image":{"@id":"https:\/\/emiliebarcat.com\/blog\/?page_id=374#primaryimage"},"thumbnailUrl":"https:\/\/emiliebarcat.com\/blog\/wp-content\/uploads\/2023\/03\/explications-pied-600x302.jpg","datePublished":"2023-03-11T13:32:27+00:00","dateModified":"2023-03-15T13:03:37+00:00","breadcrumb":{"@id":"https:\/\/emiliebarcat.com\/blog\/?page_id=374#breadcrumb"},"inLanguage":"fr-FR","potentialAction":[{"@type":"ReadAction","target":["https:\/\/emiliebarcat.com\/blog\/?page_id=374"]}]},{"@type":"ImageObject","inLanguage":"fr-FR","@id":"https:\/\/emiliebarcat.com\/blog\/?page_id=374#primaryimage","url":"https:\/\/emiliebarcat.com\/blog\/wp-content\/uploads\/2023\/03\/explications-pied-scaled.jpg","contentUrl":"https:\/\/emiliebarcat.com\/blog\/wp-content\/uploads\/2023\/03\/explications-pied-scaled.jpg","width":2560,"height":1288},{"@type":"BreadcrumbList","@id":"https:\/\/emiliebarcat.com\/blog\/?page_id=374#breadcrumb","itemListElement":[{"@type":"ListItem","position":1,"name":"Accueil","item":"https:\/\/emiliebarcat.com\/blog\/"},{"@type":"ListItem","position":2,"name":"Vid\u00e9os couture"}]},{"@type":"WebSite","@id":"https:\/\/emiliebarcat.com\/blog\/#website","url":"https:\/\/emiliebarcat.com\/blog\/","name":"Emilie Barcat - Publications pour loisirs Cr\u00e9atifs","description":"","publisher":{"@id":"https:\/\/emiliebarcat.com\/blog\/#\/schema\/person\/dd2af1009799ce640e7e8c661b78693e"},"potentialAction":[{"@type":"SearchAction","target":{"@type":"EntryPoint","urlTemplate":"https:\/\/emiliebarcat.com\/blog\/?s={search_term_string}"},"query-input":{"@type":"PropertyValueSpecification","valueRequired":true,"valueName":"search_term_string"}}],"inLanguage":"fr-FR"},{"@type":["Person","Organization"],"@id":"https:\/\/emiliebarcat.com\/blog\/#\/schema\/person\/dd2af1009799ce640e7e8c661b78693e","name":"\u00c9milie Barcat","image":{"@type":"ImageObject","inLanguage":"fr-FR","@id":"https:\/\/emiliebarcat.com\/blog\/wp-content\/uploads\/2022\/03\/logo-1.png","url":"https:\/\/emiliebarcat.com\/blog\/wp-content\/uploads\/2022\/03\/logo-1.png","contentUrl":"https:\/\/emiliebarcat.com\/blog\/wp-content\/uploads\/2022\/03\/logo-1.png","width":834,"height":599,"caption":"\u00c9milie Barcat"},"logo":{"@id":"https:\/\/emiliebarcat.com\/blog\/wp-content\/uploads\/2022\/03\/logo-1.png"},"sameAs":["http:\/\/emiliebarcat.com\/blog"]}]}},"_links":{"self":[{"href":"https:\/\/emiliebarcat.com\/blog\/index.php?rest_route=\/wp\/v2\/pages\/374","targetHints":{"allow":["GET"]}}],"collection":[{"href":"https:\/\/emiliebarcat.com\/blog\/index.php?rest_route=\/wp\/v2\/pages"}],"about":[{"href":"https:\/\/emiliebarcat.com\/blog\/index.php?rest_route=\/wp\/v2\/types\/page"}],"author":[{"embeddable":true,"href":"https:\/\/emiliebarcat.com\/blog\/index.php?rest_route=\/wp\/v2\/users\/2"}],"replies":[{"embeddable":true,"href":"https:\/\/emiliebarcat.com\/blog\/index.php?rest_route=%2Fwp%2Fv2%2Fcomments&post=374"}],"version-history":[{"count":32,"href":"https:\/\/emiliebarcat.com\/blog\/index.php?rest_route=\/wp\/v2\/pages\/374\/revisions"}],"predecessor-version":[{"id":429,"href":"https:\/\/emiliebarcat.com\/blog\/index.php?rest_route=\/wp\/v2\/pages\/374\/revisions\/429"}],"wp:attachment":[{"href":"https:\/\/emiliebarcat.com\/blog\/index.php?rest_route=%2Fwp%2Fv2%2Fmedia&parent=374"}],"curies":[{"name":"wp","href":"https:\/\/api.w.org\/{rel}","templated":true}]}}